*k = 855. Let w = k - -267. Let u = w - 331. What is the hundreds digit of u?
2
Let q(c) = -c**3 - 14*c**2 - 2*c - 24. Let j be q(-14). Let l be 634/j + 5/(-10). Suppose -l = -6*i + 4*i. What is the units digit of i?
9
Let h be 1/((2/(-10))/(3/(-5))). Suppose x = -3*v + 1545 + 542, -2*v + h*x + 1406 = 0. What is the tens digit of v?
9
Let j = 351 + -351. Suppose j = 8*w + 12*w - 8480. What is the hundreds digit of w?
4
Let y = 244 + -329. What is the tens digit of 1548/(-15)*y/34 - 0?
5
Let r = 4 - -7. Suppose 2*j - 722 + 140 = 0. Suppose 4*b + r = j. What is the tens digit of b?
7
Let y(p) = -11*p - 76. Let u be y(-10). Suppose 0 = 4*s - 5*q - 1461 - u, 4*q = -2*s + 728. What is the tens digit of s?
7
Let r(g) = 3*g - 15. Let i be r(8). Suppose 0 = 3*l + i*l - 792. Suppose -4*q + l = 2*q. What is the tens digit of q?
1
Let z(i) = -6*i + 27. Let a(u) = u - 4. Let k(m) = 15*a(m) + 2*z(m). Let g be k(2). Suppose -5*t + g*t = -325. What is the units digit of t?
5
What is the thousands digit of -3*2/(-10)*(10994 + -29)?
6
Let v(s) be the third derivative of -17*s**4/24 + 40*s**3/3 - 28*s**2. Let f be v(-23). Let d = f + -330. What is the tens digit of d?
4
Suppose 2*m - 272 = -4*x, 24*m - 278 = -4*x + 25*m. Suppose -j - 2*s + 8 = 0, s - 2*s + 31 = 5*j. Suppose -j*k = -3*k - x. What is the units digit of k?
3
Let w(z) = 4*z**3 + 10*z**2 + 8*z - 56. What is the thousands digit of w(11)?
6
Suppose -597 + 67 = 5*s. Let r = 108 + s. Suppose 3*d = 4*i - 511, 2*i - r*d = -3*i + 644. What is the units digit of i?
0
Let j = 16136 - 8389. What is the tens digit of j?
4
Suppose -2*o + 0*o - 3*t + 15 = 0, 0 = -3*t + 3. Suppose 2*y + 8 = 2*h, 2*y - o = 4. Suppose z + 776 = h*z. What is the tens digit of z?
9
Suppose -2*j + 32 = 14*j. Suppose -4*t + 2160 = j*t. What is the tens digit of t?
6
Let i = 7924 - 5282. What is the units digit of i?
2
Let j(h) = -h**2 - 9*h - 3. Let q be j(-8). Suppose -2*b = 3*o - 1371, -3*o + q*b - 491 = -1841. Suppose -4*t = -1239 + o. What is the tens digit of t?
9
Suppose -43*q = -55*q + 2712. Suppose 290 = 3*w - q. What is the units digit of w?
2
Let g be 0 + 301/13 - 16/104. Suppose -5*i + 992 = -g. What is the hundreds digit of i?
2
Let h = 794 + -794. Suppose -5*s + 2*s + 3*i + 705 = h, -i = 6*s - 1438. What is the hundreds digit of s?
2
Let g = 75 + -26. Suppose 5*r - g = 2*i - 188, 4*i - r = 287. Let d = -46 + i. What is the tens digit of d?
2
What is the tens digit of 788*(815/30 + 10/(-15))?
8
Let y(q) = -18*q**3 - 7*q**2 - 5*q - 10. Let k be y(-3). What is the tens digit of k + (-7 - (-3 + -1))?
2
Let q(x) be the first derivative of 2*x**3/3 - 2*x - 2. Let p = -100 + 97. What is the tens digit of q(p)?
1
Let g = 22 - -9. Let n(s) = -s + 15*s - g*s - 5. What is the tens digit of n(-7)?
1
Suppose 18*o - 19*o = -16*o + 417570. What is the tens digit of o?
3
Let x(s) = -6*s - 6. Let v be x(-1). Suppose v*p = 8*p - 1656. Let c = -72 + p. What is the hundreds digit of c?
1
Let k(t) = 4*t**2 - 48*t - 2. Let y be k(-6). Suppose 9*h = 1091 + y. What is the tens digit of h?
6
Let i = 7230 + -2461. Suppose 9*f - i = -10*f. What is the units digit of f?
1
Let g = -72 - 4. Let d = -144 - -315. Let y = d + g. What is the units digit of y?
5
Let w(n) = -192*n**3 + 15*n**2 - 21*n - 90. What is the thousands digit of w(-7)?
6
Let q = 346 - 204. Suppose 151*s - 192*s = -3362. Let k = q - s. What is the units digit of k?
0
Suppose 320*h - 314*h = 738. Suppose h*c = 132*c - 1476. What is the hundreds digit of c?
1
Let k = -13076 - -29285. What is the hundreds digit of k?
2
What is the hundreds digit of ((56/5)/2)/((-484)/(-71390))?
8
Let a = -645 + 647. Suppose -1805 = -3*d + a*k + 1152, 0 = 5*d + 3*k - 4922. What is the units digit of d?
5
Suppose k - 4*y = 6*k + 256, 2*y = -5*k - 248. What is the units digit of (5/(-20))/(2/k)?
6
Suppose -6*q + 2*q + 4*k + 60 = 0, 0 = -4*q - k + 60. Let a = q + -10. Suppose -a*c = -v - 14, -c = -2*v - 3 + 2. What is the units digit of c?
3
Suppose 60*c = 57*c - 9. What is the hundreds digit of c - (-4 + -14*10)?
1
What is the tens digit of ((-294)/18 - -5)*((-1845)/(-2))/(-3)?
8
Let f(d) = -d**3 - 2*d**2 + 2*d - 1. Let h be f(-3). Suppose h*v + 12 = -20. Let x = v - -25. What is the units digit of x?
9
Let r(z) = 2*z**2 - 2*z - 1. Let y be r(-1). Let g(l) = -4*l + 72. Let x be g(17). Suppose -x*d + 105 = y*d. What is the units digit of d?
5
Suppose 115*c + 44*c + 51425 - 196910 = 0. What is the tens digit of c?
1
Let f = 299 - 299. Suppose f = 7*s - 1984 - 452. What is the units digit of s?
8
Let v = 4464 - -27969. What is the units digit of v?
3
Let y(x) = 5 + 10*x - 3*x + x**2 - 18. Let n be y(-9). What is the units digit of (n/(-6))/((-2)/12)?
5
Suppose -5*c - 11100 = -875. Let i be (-9)/(-6) - c/10. Suppose 681 = 5*q + i. What is the tens digit of q?
9
Suppose -4*p = -13*r + 10*r - 2, r - 4*p + 6 = 0. Suppose 18*l = -r*l + 360. What is the units digit of l?
8
What is the units digit of ((-65494)/132)/(16/(-480))?
5
Let k = 38480 + -22484. What is the thousands digit of k?
5
Suppose -91*a = -38*a - 47*a - 49326. What is the thousands digit of a?
8
Let d be 84/(-28) - 1*-2. Let s be (0 - 0 - d)*85/17. Suppose s*a = -2*y + 530, -a - 272 = y - 2*y. What is the tens digit of y?
7
Suppose 1 = 2*r - k, -3 = 5*r - 3*k - 5. What is the units digit of (6 + (-828 - r))*(3 - 4)?
3
Suppose o + 11 = 30. Suppose -o = -3*v + 11. Let k(a) = 17*a - 4. What is the tens digit of k(v)?
6
Let z(r) = -2*r**3 - 10*r**2 + 141*r + 27. What is the hundreds digit of z(-30)?
7
Let n(v) = -v**2 - 4*v + 14. Let c be n(-6). What is the units digit of c/(2 + -8) + (-3585)/(-9)?
8
Let v(l) = -104*l + 12*l - 75*l + 4. What is the hundreds digit of v(-2)?
3
Let y(w) = 12021*w + 1864. What is the hundreds digit of y(7)?
0
Suppose 26*l - 58418 - 16800 = 0. What is the tens digit of l?
9
Let u(m) = -22*m**3 - 5*m + 9. Let v(s) = 21*s**3 - s**2 + 4*s - 9. Let o(c) = -4*u(c) - 5*v(c). What is the thousands digit of o(-4)?
1
Suppose -7*h - 62774 = -194562 - 50499. What is the hundreds digit of h?
0
Let d = 54163 - 5513. What is the ten thousands digit of d?
4
What is the ten thousands digit of (958480/(-35))/(-2) + 5 - (-8)/(-14)?
1
Suppose 56 = 5*u + 6. Suppose -3 = -y + u. Suppose 510 = y*j - 8*j. What is the units digit of j?
2
Let t = -15982 - -67697. What is the tens digit of t?
1
Let a = -38 - -39. Let i be (10/45*3)/(a/6). Suppose 532 = i*j + 5*t, 0*t - 136 = -j - 2*t. What is the units digit of j?
8
Let v be 31 + 5 + 4/2 + -3. Let a = 566 - v. What is the hundreds digit of a?
5
Let u(r) be the third derivative of r**5/30 + 17*r**4/24 + 155*r**3/6 - 60*r**2. What is the units digit of u(-21)?
0
Let t(s) = 5*s - 5. Let z be t(1). Suppose -2*m - 2*m + 1372 = z. What is the hundreds digit of m?
3
Let y(i) = -7*i - 9. Let k be y(-2). Let c be (-1 + (-9)/k)/((-20)/50). Suppose -o + 4 = 0, 0 = c*l - 2*l - 3*o - 453. What is the tens digit of l?
9
Suppose -7*w = 5*w - 6504. Suppose -4*k + 2002 = -w. Suppose 5*j = 17*j - k. What is the tens digit of j?
5
Suppose 11*d - n = 12*d - 1112, 2*d - n - 2215 = 0. Let o = -13 + d. What is the hundreds digit of o?
0
Let w(o) = o - 6. Let c be w(-3). Let u(a) = -20*a + 5. What is the tens digit of u(c)?
8
Let l(u) = 9*u - 6. Let x be l(4). What is the tens digit of (-143715)/(-150) - 3/x?
5
Let t(g) = -g**3 + 2*g**2 + 2*g - 1. Let q be t(2). Let u(x) = -14*x**2 - 2 - 4 + 12*x**3 + x**2 + 20*x - 13*x**q. What is the tens digit of u(-15)?
4
Suppose 3*a + 5 = 29. Let q be 33/(-22)*1/((-3)/a). What is the tens digit of (3 + -2)*(-428)/q*-2?
1
Let w = 387 + 1212. What is the hundreds digit of w?
5
What is the thousands digit of 12802/(4 - (-2 - 11/((-44)/16)))?
6
Let b = 75030 - 11421. What is the tens digit of b?
0
Suppose -274*o = -o - 9316398. What is the hundreds digit of o?
1
Let x(b) = b**3 - 29*b**2 + 36*b - 68. Let n(v) = v**3 - 10*v**2 + 12*v + 1. Let z be n(9). What is the hundreds digit of x(z)?
1
Suppose 12*o - 55904 = 156868. What is the thousands digit of o?
7
Let f = 108153 + -56123. What is the thousands digit of f?
2
Suppose 0 = 16*u + 97 + 223. What is the units digit of (u + -728)*(-2 + (-6)/(-4))?
4
Let u = 229 - 224. Let o(b) = 116*b**2 - 4*b + 8. Let c be o(3). Suppose -4*h = -3*h + 